Suppose 26 = 15*v + 56. What is the hundreds digit of (-1849)/(-2) + ((-11)/v - 5)?
9
Let u = 60 + -60. Let p be (8 - 2)/(u + -2). What is the units digit of p*4/(-6)*303/6?
1
Let t(i) = -2109*i**3 - 22*i**2 - 33*i - 6. What is the hundreds digit of t(-2)?
8
Let b = 22 + -38. Let w be (b - (-1 - -3))*4/(-6). Suppose -273 = -3*n + w. What is the tens digit of n?
9
Let y be (((-20)/(-8))/1)/(2/92). Let a = -116 + y. What is the units digit of 28 - (12/3 + a)*-1?
1
Let h(q) be the third derivative of -q**4/6 + 19*q**3/3 + 29*q**2. Let f be h(7). Suppose 0 = f*j - 2*j - 768. What is the tens digit of j?
9
Let a be (34/(-34))/(2/18). What is the tens digit of (-1)/a + 7260/270?
2
Suppose 0 = -q - 3*v + 1926, -906 = 4*q - 2*v - 8582. Suppose 0 = -691*o + 685*o + q. What is the tens digit of o?
2
Suppose -52*l + 23*l - 20834 = -40*l. What is the units digit of l?
4
Suppose 2*w - 14539 = -5*z, z - 2*z + 2900 = 3*w. Suppose -2917 = -5*u - 2*i, -5*u - 8*i = -4*i - z. What is the units digit of u?
5
Let v(a) = 25*a + 133. Let l be v(-6). What is the tens digit of (-1)/(2/4) - (-480 - l)?
6
Suppose -46*n + 35*n = -76857. What is the hundreds digit of n?
9
Let y(m) = m**3 + 57*m**2 + 83*m + 703. What is the tens digit of y(-54)?
6
Suppose 0 = -32*b + 336992 - 26336. What is the tens digit of b?
0
Let t(y) = -22*y - 6. Suppose 2*h = -3*b + 9 + 65, 5*b + 106 = 2*h. Suppose h + 35 = -6*j. What is the hundreds digit of t(j)?
2
Suppose k - 629 = 6*k + 3*d, 5*d - 233 = 2*k. Let n = 129 + k. Let m(q) = q**3 - q**2 - 15*q - 7. What is the tens digit of m(n)?
1
Let n be 1325/20 - (-2)/(-8). Let h = 83 - n. What is the tens digit of h?
1
Let s(j) = 2*j**2 + 8*j + 8. Let z be s(-1). What is the tens digit of (z/4)/(38946/(-5564) + 7)?
9
Suppose 2 = 2*n - f, n + 0*n - 5*f + 17 = 0. Suppose -5*p = j - 87, -n*p + 51 = 5*j - 4*j. What is the units digit of p?
8
Suppose -2*c + 1 = -u - 2, -5*c + 35 = 3*u. Suppose c*p = i - 429, 0 = i - 0*i - 2*p - 431. What is the tens digit of i/6 + 11/(-66)?
7
Suppose 17905 = 9*k + 5*d - 43823, d = 4*k - 27425. What is the thousands digit of k?
6
Let o be ((-4)/7)/((-12)/(5 - -79)). Suppose -5*k + o*c + 5871 = 0, -20 = 5*c - 0*c. What is the units digit of k?
1
Let w(l) = 5*l**2 + 325*l - 2134. What is the units digit of w(88)?
6
Suppose 11185 = -4*g - 5*l, 2*g + 29*l = 30*l - 5603. Let b = 4174 + g. What is the units digit of b?
4
Suppose 4*j - 5*y - 36 = 0, 10*j + 4*y = 15*j - 36. Suppose -j*o - d + 2*d = -699, -o - 4*d + 179 = 0. What is the hundreds digit of o?
1
Let m be 84/45 - -2 - 2/(-15). Suppose m*q = 88 - 24. What is the hundreds digit of q/6*(82 - -5)?
2
Let g(c) = -28*c + 10*c**2 - 9*c**2 + 8*c - 2 - 12. Suppose -4*m + 99 = 3*q, -4*m + 33 = -q - 62. What is the tens digit of g(m)?
8
Suppose -25*u - 2312 = -5762. Suppose 133*g - u*g = -2095. What is the units digit of g?
9
Let v(m) = -9*m**3 - 33*m**2 - m - 30. Let t be v(-10). Suppose 0 = 3*h - 12, -3*p + t = p - h. What is the units digit of p?
1
Suppose -2*s = -4*j + 5456, 0 = -3*s - s + 8. What is the tens digit of j?
6
Suppose 14*d + 6 = 15*d. Let j(u) = u**2 + 5*u + 20. What is the units digit of j(d)?
6
Let j(i) = -154*i - 36. Let t(p) = -p**3 + 20*p**2 - 2*p + 37. Let x be t(20). What is the tens digit of j(x)?
2
Let v(b) = 9*b + 86. Let z be v(-8). Suppose z*f = -939 + 4971. What is the tens digit of f?
8
Suppose -234*m - 50*m + 1014791 = -5621. What is the thousands digit of m?
3
Let z = -13506 + 37338. What is the hundreds digit of z?
8
Suppose -76 = 2*z - 5*f + 77, -2*z - 147 = f. Let m = 78 + z. Suppose -2*c + 4*h = -128 - 138, 4*c + m*h - 520 = 0. What is the units digit of c?
1
Suppose 2*t = t + 5*y - 46, 3*y - 85 = 2*t. Let o = t + 41. What is the units digit of (-2 - o)/((-3)/(468/8))?
9
What is the tens digit of ((80/(-2))/5)/((-21)/108087)?
7
Let k(n) = -n**3 - 11*n**2 + 6. Let u be k(-11). Let b be 7 - 4*3/u. Suppose -3*a + a + b*y + 48 = 0, -a + 5*y = -34. What is the units digit of a?
4
Suppose -3*s + 17*t = 15*t - 33544, 4*s = 5*t + 44730. What is the tens digit of s?
8
Let l(c) = -c**2 + 2*c + 5. Let w be l(-14). Let m be ((-2)/(-4))/((-3)/(-2304)). Let s = w + m. What is the hundreds digit of s?
1
Let t be (0/(-3) + 1)*219. Let x = 594 - t. What is the units digit of (-3 + 1)*1/((-10)/x)?
5
Let m = 8110 - 2421. What is the thousands digit of m?
5
What is the units digit of -3 + 24208 - (-520)/65?
3
Let s = 16148 - 6786. What is the units digit of s?
2
Suppose 29 = 2*i - 1. Suppose -3*s = i - 12. What is the tens digit of 1*-1*s/2*116?
5
Let s(x) = -2957*x**2 - 7*x + 2. Let p(y) = 1478*y**2 + 4*y - 1. Let r(m) = -11*p(m) - 6*s(m). What is the hundreds digit of r(-1)?
4
Let y = 110 + -105. Suppose y*s - 85 = -5*d, 3*d - 2*s = 3*s + 35. Suppose -12*w + d*w = 222. What is the units digit of w?
4
Let k(i) be the first derivative of 5*i**3/3 - 7*i**2 + 3*i - 133. What is the units digit of k(18)?
1
Suppose -113*t - 1161 + 12537 = 980. Let h be (-2 - (-89 + 2))/1. Let g = t + h. What is the hundreds digit of g?
1
Let s be ((-1)/(-2))/(1/222). Let x = -1276 + 1325. Let o = s - x. What is the units digit of o?
2
Let m(s) = 5*s + 26 - 5*s + 26*s - s**2. Let k(t) = t**2 + 10*t + 12. Let r be k(-11). What is the tens digit of m(r)?
9
Let h = -48 - -52. Suppose 0 = h*z - 8 - 16. What is the tens digit of z/21 + 3805/35?
0
Suppose 0 = 104*q + 255212 - 2730828. What is the ten thousands digit of q?
2
Let u = 184 + -170. Suppose -6*t - 792 = -u*t. What is the tens digit of t?
9
Suppose 5*i + 3*m + 15 = 0, -5*m - 13 = 3*i + 12. Suppose i = 2*c - h - 1534 + 476, 0 = 3*c - h - 1587. What is the units digit of c?
9
Suppose -4*t + 2*s = -302984, 47 = -5*s + 27. What is the units digit of t?
4
Suppose 387 - 5069 = -2*a. Suppose 4*o - a = 5*h, 4*o - h - 2561 + 224 = 0. What is the hundreds digit of o?
5
Suppose -3*m + m - 14 = 0. Let n be (-27)/(-6)*(5 + m). What is the units digit of 2/n - (-4344)/108?
0
Suppose 16*x + 252560 = 86*x. What is the thousands digit of x?
3
Let u = 2180 + 6355. What is the units digit of u?
5
Let s(o) be the first derivative of -o**3/3 - 41*o**2/2 + 48*o + 39. What is the hundreds digit of s(-24)?
4
Let c(p) = 12 + 6 - 16*p - 29*p + 9 - 30*p. What is the units digit of c(-6)?
7
Suppose 4*k = 3*o - 17, 4*o - 7 = -4*k - 3. What is the hundreds digit of o/3*(7 - -218)?
2
Suppose 11*u - 14*u + 640 = 4*i, 0 = -3*i + 12. Let r = 271 - u. What is the tens digit of r?
6
Suppose -796656 = -201*q + 33*q. What is the units digit of q?
2
Let a(u) = 2*u**3 - 35*u**2 - 113*u - 130. What is the ten thousands digit of a(28)?
1
Suppose -3*d + 1 = n - 0*d, 4*d = n - 8. Let y be n/(-4) + -1 - -2. Suppose 5*t = z - 80, -5*z + 3*t + 291 + 131 = y. What is the units digit of z?
5
Let m(r) = -14*r**2 - 4 + 4 + 13*r**2 - 8*r. Let u be m(-8). Suppose 0 = 4*o - x - 257, u*o = 2*o - 4*x - 132. What is the tens digit of o?
6
Let v(w) = 281*w**2 + 17*w + 143. What is the hundreds digit of v(-10)?
0
Let s = 3538 + -1597. What is the units digit of s?
1
Suppose -38*o = -30*o - 160. Suppose -o*h = -51*h + 5673. What is the units digit of h?
3
Let i(u) = u**2 + 9*u - 28. Let a be i(-12). Suppose -j = -3*d + 3*j - 16, 4*d + a = 2*j. Suppose -3*q + 75 = -d*q. What is the units digit of q?
5
Suppose 2*i = 8*i - 12. Let x be i/(-3)*(-1 + (-62)/4). What is the units digit of (x - 8)/(2*6/8)?
2
What is the hundreds digit of (5511/5)/(258/1290)?
5
Let r be 8/(-1 + 5 - 51/12). What is the hundreds digit of 724*(3/8 + 4/r)?
1
Suppose 0 = -10*t + 5 + 15. Suppose -s = 4*l - 345, t*l + 699 = 2*s + l. What is the tens digit of s?
4
Let s = -18028 + 29214. What is the ten thousands digit of s?
1
Let q(n) = 9*n + 5*n - n**2 + 9*n - 37*n + 21. Let j be q(-18). Let f = 52 - j. What is the units digit of f?
3
Suppose -4*k + 44 = -2*x - 14, -k + 20 = 5*x. Suppose 0 = k*y - 16*y + 117. What is the units digit of y?
7
Let d be (-24)/(-16) - 3/2. Suppose b - 80 - 16 = -k, d = -5*k. What is the tens digit of b?
9
What is the hundreds digit of (-3)/2 - 36883836/(-632)?
3
Suppose 28 = 3*n + k, 0 = -0*n - 4*n - k + 37. Suppose 2*y + n*y - 14168 = 0. What is the hundreds digit of y?
2
Let z(r) = -r**3 + 19*r**2 - 6*r - 30. Let h be z(18). Suppose 0 = 7*j - 1054 + h. What is the units digit of j?
4